, 163
Let p(c) = 61*c**3 - 33*c**2 + 169*c + 17. List the prime factors of p(8).
3, 10163
Let w be 3896 + -1 + -10 + 3. Suppose 7*z - w - 1775 = 0. List the prime factors of z.
809
Let b be (2*-1)/((55/11)/5). List the prime factors of 169*(6 + 8 + -5) - b.
1523
Suppose -2*q - 4*t = -6, t + 1 = -4*q - 8. What are the prime factors of q/12 - 6139/(-28) - -2?
13, 17
Let x be 5/15*327 - 8/(-2). Suppose -2*o - 86 = -2*p + 2*o, 2*o - x = -3*p. List the prime factors of p.
3, 13
Let t(z) = z**3 + z + 130. Let d(v) = 3*v + 12. Let o be d(-4). Suppose 4*f + u + 5 = o, f - 4*u = -3*f + 20. List the prime factors of t(f).
2, 5, 13
List the prime factors of 13554*(39/(-13) + (-28)/(-8)).
3, 251
Let x be 3/((-21)/2) - (-6189)/(-21). Let j = x + 535. Suppose 4*b - j = -11*b. List the prime factors of b.
2
Suppose -8 = 4*g - 2*g. Let q(m) = 12*m**2 + 8*m - 2. Let p(v) = 2*v**2 + 2*v - 1. Let u(i) = -5*p(i) + q(i). List the prime factors of u(g).
43
Suppose 10 = 5*b - a + 6*a, 0 = 4*b - a - 8. Suppose -2*r + b*z + 0*z + 396 = 0, -4*r - 4*z + 824 = 0. What are the prime factors of r?
2, 101
Suppose 0 = -15*f - 77770 + 217750. What are the prime factors of f?
2, 2333
Let f be (-92*(-3)/30)/((-2)/(-50)). Suppose 12*u - 1138 - f = 0. What are the prime factors of u?
2, 3, 19
Let c(i) = -i**2 + 4*i + 5. Let p be c(5). Let u(k) = -2*k**2 + 23. Let y be u(p). List the prime factors of (y - 4)*3*2/6.
19
Let j(b) = -2*b**3 + 64*b**2 - 64*b + 72. Let l be j(31). List the prime factors of (-84)/l*1100/(-30).
2, 7, 11
Suppose -4*q + 46 = 4*d - 6*q, 2*q = -6. Let t(s) = 30*s + 25. What are the prime factors of t(d)?
5, 13
Let m be (-2)/(-14) - 11394/(-63). Let t = -126 + m. Let w = t - 44. What are the prime factors of w?
11
Let a = 139 + -133. Suppose a*r - 614 - 478 = 0. What are the prime factors of r?
2, 7, 13
Let r be 53 + -30 - 3/3. Suppose 1643 = -21*a + r*a. What are the prime factors of a?
31, 53
Let q(o) = 15273*o**3 + 10*o**2 - 11*o - 1. List the prime factors of q(1).
15271
Let r = 6119 - 901. List the prime factors of r.
2, 2609
Let f = 19 + -21. Let j be (-1 - f)*(0 - -3). Suppose 2*g - j*k = 2*k + 36, 0 = -2*g - 4*k. What are the prime factors of g?
2
Let m(l) = 56*l**2 + 17*l + 129. List the prime factors of m(-14).
10867
Suppose 4238 = 5*o - 2*b - 1189, -3241 = -3*o + 5*b. What are the prime factors of o?
1087
Let r be 3 + -2 + 5331 + 0. Suppose 12*s - r = 1952. What are the prime factors of s?
607
Let q = -79471 + 126944. What are the prime factors of q?
29, 1637
Suppose -155*q = -31*q - 1026348. List the prime factors of q.
3, 31, 89
Let t(n) = -n**3 - 38*n**2 - 34*n + 99. Let f be t(-37). List the prime factors of f*(242/(-6) + (-10)/(-15)).
2, 7, 17
Suppose 4*a + 2748 = -4*f, 2*a = -5*f + 281 - 3731. Let d = -105 - f. What are the prime factors of d?
587
Let z(m) = 15*m + 17. Let r(x) be the second derivative of 2*x**3/3 - 6*x**2 - 25*x. Let h be r(5). List the prime factors of z(h).
137
Suppose -2*t + 1932 = -1176. Suppose s + 1418 = 2*k, -136 = 2*k - 4*s - t. List the prime factors of k.
709
Let z = 12099 - 4974. List the prime factors of z.
3, 5, 19
Suppose -16*o + 15*o - 2*y = -9, 4*o + 4*y = 24. Suppose 0 = o*p - 3*j - 324, 9*j - 8*j - 5 = 0. List the prime factors of p.
113
Let u = -439 + 1097. Suppose u = 4*j - 174. List the prime factors of j.
2, 13
Suppose 2*n + m + 3 = -0, 5*m + 1 = -3*n. Let c be 7 + 2 + (n - -5). Suppose c*r - 76 = 11*r. List the prime factors of r.
2, 19
Let q(a) = 6*a**2 + 11*a - 152. List the prime factors of q(32).
2, 13, 61
Let f(q) = -84*q + 113. Let l be f(-8). Suppose -3*i + l = -10*g + 12*g, i - 256 = 5*g. List the prime factors of i.
3, 29
Let o = -226 + 231. Suppose o*b = -1314 + 3544. List the prime factors of b.
2, 223
Suppose 3*k - 3*p = 21, 3*k - 4*p - 13 = 11. Suppose 3*v + k*h - 2652 = 0, 4*v + h = 3601 - 65. List the prime factors of v.
2, 13, 17
Suppose -9*g + 5*p = -10*g + 13516, -2*g = 3*p - 27067. List the prime factors of g.
11, 1231
Let y = 336 - 346. What are the prime factors of (((-1836)/y)/9)/(6/75)?
3, 5, 17
Let b = -147 + 153. Let x(s) = 82*s - 10. List the prime factors of x(b).
2, 241
Let j be (-7)/1*(498/(-6) - 0). Suppose -1179 = -5*w + j. Suppose -w = -5*r + 28. List the prime factors of r.
2, 19
What are the prime factors of 836766/(-174)*(94/(-14) + -1)?
2, 3, 229
Suppose 2*f = -2*f - 5*n + 71734, -2*f + 35882 = -5*n. What are the prime factors of f?
2, 19, 59
Suppose -6*p - 3 = 21. Let u be ((-2)/3)/(-2*p/(-36)). Suppose 0 = -4*z + 2*l + 250, -l = -u*z + 4*l + 205. List the prime factors of z.
2, 3, 5
Suppose 56*c - 322132 - 279148 = 36*c. List the prime factors of c.
2, 1879
Let y(c) = -c**2 + 16*c - 44. Let d be y(13). List the prime factors of -1*(-10)/d + 281.
3, 31
Let g(i) = 12*i**2 - 89*i + 7. Let c be g(9). Suppose 5*d = 5*o + 475, 0 = 3*d - d - 5*o - c. List the prime factors of d.
3, 11
Let f(r) = -r**3 - 8*r**2 - 18*r - 4. Let i be f(-6). What are the prime factors of 5/(16 - -4) - (-18680)/i?
2, 73
Let b = 827 + -766. Suppose 58*q = b*q - 2472. What are the prime factors of q?
2, 103
Let x(h) = -24*h**2 + 44*h + 86. Let u be x(-2). Let c = 50 + 96. Let a = c + u. What are the prime factors of a?
2, 3
Let l = -342 - -338. What are the prime factors of 4 + 14/l - 1500/(-8)?
2, 47
Let o(t) = 2*t**3 - 14*t**2 - 3*t + 21. Let k be o(10). Suppose -800 = 5*a - 3*j + 187, -3*a = -3*j + k. Let v = -126 - a. What are the prime factors of v?
2, 3
Let i be 20/16*4 + -10. Let r be (-2 + (0 - i))/((-2)/16). Let q(l) = l**2 + 20*l - 23. What are the prime factors of q(r)?
73
Suppose -16*z + 36 = -4*z. Suppose 1210 = s + z*f, -6*s - f + 4884 = -2*s. List the prime factors of s.
2, 13, 47
Let n be (-2)/10 + (-2831)/95. List the prime factors of (2244/n)/(3*(-1)/15).
2, 11, 17
Let t(n) = 3955*n + 94. What are the prime factors of t(6)?
2, 1489
Let f(k) = -468*k**3 - 2*k**2 - 3*k + 4. Suppose -4*t = -3*q - 2*q + 17, 2 = -q - t. Let z be f(q). Let a = z + 659. What are the prime factors of a?
2, 5, 19
Let h = -7671 + 11338. List the prime factors of h.
19, 193
Suppose -2*x = 2*x - 276. Let p = x + -63. Suppose -k + 183 = -s, 3*k + s + 555 = p*k. What are the prime factors of k?
2, 3, 31
Let y(p) = p**2 + 10*p + 7. Let n be y(-5). Let a(h) = h**2 + 19*h + 41. Let l be a(n). Suppose 8 = -5*b + l. List the prime factors of b.
3
Let f(x) = 20*x**3 - 4*x**2 + 36*x + 60. List the prime factors of f(7).
2, 109
Suppose 22*v = 7065 + 1493. Suppose 392*c - 3051 = v*c. List the prime factors of c.
3, 113
Suppose 0 = 2*n - 6 - 0. Suppose -2*a = n*i - 4, -13 = -i - 3*i + 5*a. Let j(u) = 4*u**3 + 5*u - 5. List the prime factors of j(i).
37
What are the prime factors of (8/(-42)*-42519)/(11/((-462)/(-12)))?
2, 14173
Suppose 0 = -8939*x + 8955*x - 184064. What are the prime factors of x?
2, 719
Let k be (46/69)/((-2)/(-4152)). Suppose -4*g - k + 4576 = 0. List the prime factors of g.
2, 3, 7, 19
Suppose 2*d + 5*m - 1882 = 0, 5*d + 0*m = -3*m + 4686. Let y = d - 246. What are the prime factors of y?
2, 3, 5, 23
Let t(w) = 3*w**2 - w - 2. Let g be t(-2). Suppose g*f - 11426 - 2290 = 0. List the prime factors of f.
3, 127
Suppose -4*h + 15 = h. Suppose -5*b - 5 = 0, -3*c - h*b + 666 = -627. Suppose -c = -8*a - a. What are the prime factors of a?
2, 3
Let w be 636/96 - 9/(-24). Suppose -w*m + 2189 + 1626 = 0. What are the prime factors of m?
5, 109
Suppose 224 = 7*x - 154. Suppose 15 = 13*p + x. What are the prime factors of ((-14)/(-35))/(p/(-405))?
2, 3
Let d(i) = 7*i - 16. Let q be d(9). Let o = 72 - q. Let s = o - 14. List the prime factors of s.
11
Let d(f) = 2*f**2 + 29*f + 269. Let c be d(-14). Let r be ((-5)/3)/(2/(-18)). Suppose 0 = -5*l - u + 412, 3*u = -3*l + c - r. List the prime factors of l.
83
Let n(t) = -3*t**2 + 364*t - 435. What are the prime factors of n(84)?
3, 997
Let z = 117 + -117. Suppose z = -2*n - 4*f + 2434, 2*n + 2425 = 4*n + f. Suppose 12*t = n + 817. List the prime factors of t.
13
Suppose 11*y + 2655 = 2*y. Let s = -211 - y. List the prime factors of (6*7/s)/(2/620).
5, 31
Suppose -98*o = 249370 - 737116. What are the prime factors of o?
3, 7, 79
Let f = 8971 + 4246. List the prime factors of f.
13217
Let q = -9 + -1. Let w(u) = 4*u**2 + 8*u + 1. List the prime factors of w(q)